{"id":806,"date":"2021-06-13T10:40:28","date_gmt":"2021-06-13T08:40:28","guid":{"rendered":"http:\/\/www.kalbus.de\/?page_id=806"},"modified":"2021-06-20T11:03:52","modified_gmt":"2021-06-20T09:03:52","slug":"ostsee-2021","status":"publish","type":"page","link":"https:\/\/www.kalbus.de\/?page_id=806","title":{"rendered":"Ostsee 2021"},"content":{"rendered":"\n<p>So wie das Jahr 2020 zu Ende ging, ging es im Jahr 2021 weiter. Ein Unding auch nur an Reisen zu denken. Covid, Inzidenzen und Kontaktverbote bestimmen den Alltag. Was mich nat\u00fcrlich nicht davon abh\u00e4lt weitere Reisen zu planen &#8211; wenn es denn mal wieder m\u00f6glich sein wird.<\/p>\n\n\n\n<figure class=\"wp-block-image\"><img loading=\"lazy\" decoding=\"async\" width=\"1024\" height=\"683\" src=\"https:\/\/www.kalbus.de\/wp-content\/uploads\/2021\/06\/DSCF3681-1024x683.jpg\" alt=\"\" class=\"wp-image-785\" srcset=\"https:\/\/www.kalbus.de\/wp-content\/uploads\/2021\/06\/DSCF3681-1024x683.jpg 1024w, https:\/\/www.kalbus.de\/wp-content\/uploads\/2021\/06\/DSCF3681-300x200.jpg 300w, https:\/\/www.kalbus.de\/wp-content\/uploads\/2021\/06\/DSCF3681-768x512.jpg 768w, https:\/\/www.kalbus.de\/wp-content\/uploads\/2021\/06\/DSCF3681.jpg 1600w\" sizes=\"auto, (max-width: 1024px) 100vw, 1024px\" \/><figcaption>in der N\u00e4he von Heiligenhafen<\/figcaption><\/figure>\n\n\n\n<p>Im Juni zeichnete sich eine Lockerung ab, noch lange nicht wie vor Covid, aber immerhin ein gewisses Ma\u00df an Freiheit kam zur\u00fcck und eine Reise an die Ostsee ist wieder in greifbare N\u00e4he gekommen.<\/p>\n\n\n\n<p><a href=\"https:\/\/www.kalbus.de\/?p=779\">Vorbereitungen<\/a><br>Eine Woche Urlaub und dieses mal ist der Plan nicht jeden Tag Sightseeing, sondern auch Ruhe und Entspannung<\/p>\n\n\n\n<p>Tag 1 <a href=\"https:\/\/www.kalbus.de\/?p=784\">Anreise<\/a><br>Die Vorfreude ist gro\u00df, das Gespann reisefertig und los geht es von Zuhause aus Richtung Norden. Das Navi lotst mich auf ungew\u00f6hnlichen Wegen aber am Ende komme ich gut an.<\/p>\n\n\n\n<p>Tag 2 <a href=\"https:\/\/www.kalbus.de\/?p=797\">Umgebung und Fehmarn<\/a><br>Die Campingpl\u00e4tze, die ich aussuche liegen meistens irgendwo im Nirgendwo. Camping Blank Eck ist da nicht anders. Also nach dem Fr\u00fchst\u00fcck erst mal die Gegend erkunden.<\/p>\n\n\n\n<p>Tag 3 <a href=\"https:\/\/www.kalbus.de\/?p=799\">L\u00fcbeck<\/a><br>Ein wenig Sightseeing muss dann doch sein, denn in L\u00fcbeck war ich vor \u00fcber 15 Jahren schon mal und wollte mir die sch\u00f6nsten Ecken einfach noch mal anschauen<\/p>\n\n\n\n<p>Tag 4 <a href=\"https:\/\/www.kalbus.de\/?p=801\">Strandtag<\/a><br>Bei wundersch\u00f6nem Wetter, Sonnenschein und einer leichten Brise vom Meer war ich am Strand, habe ein Buch gelesen, war spazieren und habe auch mal meine F\u00fc\u00dfe nass gemacht, denn so recht traue ich mich noch nicht ins kalte Wasser.<\/p>\n\n\n\n<p>Tag 5 <a href=\"https:\/\/www.kalbus.de\/?p=803\">der letzte Tag<\/a><br>Als ich so richtig entspannen konnte war der Urlaub dann auch schon wieder zu Ende. Am letzten Tag noch mal Strand und dann doch den inneren Schweinehund \u00fcberwunden und ins Wasser. Schwimmen &#8211; seit gef\u00fchlt einer Ewigkeit zum ersten mal wieder. <\/p>\n\n\n\n<p>Tag 6 R\u00fcckreise<br>Der Moment in dem die Schranke vom Campingplatz hinter mir zugegangen ist war so ein bisschen das Ende des Urlaubs, dabei war noch die ganze R\u00fcckfahrt vor mir. Autobahn, Stau und trotz allem gut zuhause angekommen. <\/p>\n\n\n\n<p>Das wars f\u00fcr diesen Urlaub, mal sehen wohin mich meine n\u00e4chste Reise f\u00fchrt.<\/p>\n","protected":false},"excerpt":{"rendered":"<p>So wie das Jahr 2020 zu Ende ging, ging es im Jahr 2021 weiter. Ein Unding auch nur an Reisen zu denken. Covid, Inzidenzen und Kontaktverbote bestimmen den Alltag. Was mich nat\u00fcrlich nicht davon abh\u00e4lt weitere Reisen zu planen &#8211; wenn es denn mal wieder m\u00f6glich sein wird. Im Juni zeichnete sich eine Lockerung ab, &hellip; <a href=\"https:\/\/www.kalbus.de\/?page_id=806\" class=\"more-link\"><span class=\"screen-reader-text\">Ostsee 2021<\/span> weiterlesen<\/a><\/p>\n","protected":false},"author":1,"featured_media":0,"parent":0,"menu_order":0,"comment_status":"closed","ping_status":"closed","template":"","meta":{"footnotes":""},"class_list":["post-806","page","type-page","status-publish","hentry"],"jetpack_shortlink":"https:\/\/wp.me\/P2LFC5-d0","jetpack_sharing_enabled":true,"_links":{"self":[{"href":"https:\/\/www.kalbus.de\/index.php?rest_route=\/wp\/v2\/pages\/806","targetHints":{"allow":["GET"]}}],"collection":[{"href":"https:\/\/www.kalbus.de\/index.php?rest_route=\/wp\/v2\/pages"}],"about":[{"href":"https:\/\/www.kalbus.de\/index.php?rest_route=\/wp\/v2\/types\/page"}],"author":[{"embeddable":true,"href":"https:\/\/www.kalbus.de\/index.php?rest_route=\/wp\/v2\/users\/1"}],"replies":[{"embeddable":true,"href":"https:\/\/www.kalbus.de\/index.php?rest_route=%2Fwp%2Fv2%2Fcomments&post=806"}],"version-history":[{"count":1,"href":"https:\/\/www.kalbus.de\/index.php?rest_route=\/wp\/v2\/pages\/806\/revisions"}],"predecessor-version":[{"id":809,"href":"https:\/\/www.kalbus.de\/index.php?rest_route=\/wp\/v2\/pages\/806\/revisions\/809"}],"wp:attachment":[{"href":"https:\/\/www.kalbus.de\/index.php?rest_route=%2Fwp%2Fv2%2Fmedia&parent=806"}],"curies":[{"name":"wp","href":"https:\/\/api.w.org\/{rel}","templated":true}]}}

<p>So wie das Jahr 2020 zu Ende ging, ging es im Jahr 2021 weiter. Ein Unding auch nur an Reisen zu denken. Covid, Inzidenzen und Kontaktverbote bestimmen den Alltag. Was mich natürlich nicht davon abhält weitere Reisen zu planen &#8211; wenn es denn mal wieder möglich sein wird.</p>



<figure class="wp-block-image"><img loading="lazy" decoding="async" width="1024" height="683" src="https://www.kalbus.de/wp-content/uploads/2021/06/DSCF3681-1024x683.jpg" alt="" class="wp-image-785" srcset="https://www.kalbus.de/wp-content/uploads/2021/06/DSCF3681-1024x683.jpg 1024w, https://www.kalbus.de/wp-content/uploads/2021/06/DSCF3681-300x200.jpg 300w, https://www.kalbus.de/wp-content/uploads/2021/06/DSCF3681-768x512.jpg 768w, https://www.kalbus.de/wp-content/uploads/2021/06/DSCF3681.jpg 1600w" sizes="auto, (max-width: 1024px) 100vw, 1024px" /><figcaption>in der Nähe von Heiligenhafen</figcaption></figure>



<p>Im Juni zeichnete sich eine Lockerung ab, noch lange nicht wie vor Covid, aber immerhin ein gewisses Maß an Freiheit kam zurück und eine Reise an die Ostsee ist wieder in greifbare Nähe gekommen.</p>



<p><a href="https://www.kalbus.de/?p=779">Vorbereitungen</a><br>Eine Woche Urlaub und dieses mal ist der Plan nicht jeden Tag Sightseeing, sondern auch Ruhe und Entspannung</p>



<p>Tag 1 <a href="https://www.kalbus.de/?p=784">Anreise</a><br>Die Vorfreude ist groß, das Gespann reisefertig und los geht es von Zuhause aus Richtung Norden. Das Navi lotst mich auf ungewöhnlichen Wegen aber am Ende komme ich gut an.</p>



<p>Tag 2 <a href="https://www.kalbus.de/?p=797">Umgebung und Fehmarn</a><br>Die Campingplätze, die ich aussuche liegen meistens irgendwo im Nirgendwo. Camping Blank Eck ist da nicht anders. Also nach dem Frühstück erst mal die Gegend erkunden.</p>



<p>Tag 3 <a href="https://www.kalbus.de/?p=799">Lübeck</a><br>Ein wenig Sightseeing muss dann doch sein, denn in Lübeck war ich vor über 15 Jahren schon mal und wollte mir die schönsten Ecken einfach noch mal anschauen</p>



<p>Tag 4 <a href="https://www.kalbus.de/?p=801">Strandtag</a><br>Bei wunderschönem Wetter, Sonnenschein und einer leichten Brise vom Meer war ich am Strand, habe ein Buch gelesen, war spazieren und habe auch mal meine Füße nass gemacht, denn so recht traue ich mich noch nicht ins kalte Wasser.</p>



<p>Tag 5 <a href="https://www.kalbus.de/?p=803">der letzte Tag</a><br>Als ich so richtig entspannen konnte war der Urlaub dann auch schon wieder zu Ende. Am letzten Tag noch mal Strand und dann doch den inneren Schweinehund überwunden und ins Wasser. Schwimmen &#8211; seit gefühlt einer Ewigkeit zum ersten mal wieder. </p>



<p>Tag 6 Rückreise<br>Der Moment in dem die Schranke vom Campingplatz hinter mir zugegangen ist war so ein bisschen das Ende des Urlaubs, dabei war noch die ganze Rückfahrt vor mir. Autobahn, Stau und trotz allem gut zuhause angekommen. </p>



<p>Das wars für diesen Urlaub, mal sehen wohin mich meine nächste Reise führt.</p>

<p>So wie das Jahr 2020 zu Ende ging, ging es im Jahr 2021 weiter. Ein Unding auch nur an Reisen zu denken. Covid, Inzidenzen und Kontaktverbote bestimmen den Alltag. Was mich natürlich nicht davon abhält weitere Reisen zu planen &#8211; wenn es denn mal wieder möglich sein wird. Im Juni zeichnete sich eine Lockerung ab, &hellip; <a href="https://www.kalbus.de/?page_id=806" class="more-link"><span class="screen-reader-text">Ostsee 2021</span> weiterlesen</a></p>
