{"id":755,"date":"2020-12-01T22:46:44","date_gmt":"2020-12-01T21:46:44","guid":{"rendered":"http:\/\/www.kalbus.de\/?page_id=755"},"modified":"2025-07-20T17:16:24","modified_gmt":"2025-07-20T15:16:24","slug":"reiseberichte","status":"publish","type":"page","link":"https:\/\/www.kalbus.de\/","title":{"rendered":"Reiseberichte"},"content":{"rendered":"\n<p>Meine Reiseberichte sind f\u00fcr mich ein Tagebuch, damit ich mich an die sch\u00f6nen Erlebnisse erinnern kann und f\u00fcr die Daheimgebliebenen ein Blick \u00fcber meine Schulter, w\u00e4hrend ich unterwegs bin.<\/p>\n\n\n\n<figure class=\"wp-block-image\"><img loading=\"lazy\" decoding=\"async\" width=\"1024\" height=\"683\" src=\"https:\/\/www.kalbus.de\/wp-content\/uploads\/2019\/06\/dscf7495-1024x683.jpg\" alt=\"\" class=\"wp-image-406\" srcset=\"https:\/\/www.kalbus.de\/wp-content\/uploads\/2019\/06\/dscf7495-1024x683.jpg 1024w, https:\/\/www.kalbus.de\/wp-content\/uploads\/2019\/06\/dscf7495-300x200.jpg 300w, https:\/\/www.kalbus.de\/wp-content\/uploads\/2019\/06\/dscf7495-768x512.jpg 768w, https:\/\/www.kalbus.de\/wp-content\/uploads\/2019\/06\/dscf7495-960x640.jpg 960w, https:\/\/www.kalbus.de\/wp-content\/uploads\/2019\/06\/dscf7495-450x300.jpg 450w, https:\/\/www.kalbus.de\/wp-content\/uploads\/2019\/06\/dscf7495.jpg 1200w\" sizes=\"auto, (max-width: 1024px) 100vw, 1024px\" \/><\/figure>\n\n\n\n<ul class=\"wp-block-list\">\n<li>2025 &#8211; <a href=\"https:\/\/www.kalbus.de\/?cat=81&amp;order=asc\" data-type=\"category\" data-id=\"81\">Mongolei mit Rotel<\/a><\/li>\n\n\n\n<li>2024 &#8211; <a href=\"https:\/\/www.kalbus.de\/?cat=76&amp;order=asc\">Schweden, Finnland, Norwegen<\/a><\/li>\n\n\n\n<li>2023 &#8211; <a href=\"https:\/\/www.kalbus.de\/?cat=73&amp;order=asc\">Norwegen <\/a>&#8211; Trondheim &#8211; Atlantikk\u00fcste &#8211; Bergen &#8211; Oslo<\/li>\n\n\n\n<li>2022 &#8211; <a href=\"https:\/\/www.kalbus.de\/?page_id=1107\" data-type=\"URL\">D\u00e4nemark <\/a>&#8211; Sj\u00e6lland &#8211; Kopenhagen &#8211; M\u00f8n<\/li>\n\n\n\n<li>2021 &#8211; <a href=\"https:\/\/www.kalbus.de\/?page_id=868\">Bodensee <\/a>&#8211; Wasserburg &#8211; Lindau <\/li>\n\n\n\n<li>2021 &#8211; <a href=\"https:\/\/www.kalbus.de\/?page_id=806\">Ostsee <\/a>&#8211; Heiligenhafen &#8211; Fehmarn<\/li>\n\n\n\n<li>2020 &#8211; <a href=\"https:\/\/www.kalbus.de\/?page_id=744\">Ostsee<\/a> &#8211; R\u00fcgen &#8211; Usedom<\/li>\n\n\n\n<li>2019 &#8211; <a href=\"https:\/\/www.kalbus.de\/?page_id=753\">Lofoten, Norwegen, Schweden<\/a><\/li>\n\n\n\n<li>2018 &#8211; Beskiden &#8211; Tschechien<\/li>\n\n\n\n<li>2017 &#8211; S\u00fcdnorwegen<\/li>\n<\/ul>\n\n\n\n<p><a href=\"https:\/\/www.kalbus.de\/?cat=57\" data-type=\"category\" data-id=\"57\">Reiseblog<\/a> &#8211; alle Beitr\u00e4ge<a href=\"https:\/\/www.kalbus.de\/?page_id=753\"><\/a><\/p>\n","protected":false},"excerpt":{"rendered":"<p>Meine Reiseberichte sind f\u00fcr mich ein Tagebuch, damit ich mich an die sch\u00f6nen Erlebnisse erinnern kann und f\u00fcr die Daheimgebliebenen ein Blick \u00fcber meine Schulter, w\u00e4hrend ich unterwegs bin. Reiseblog &#8211; alle Beitr\u00e4ge<\/p>\n","protected":false},"author":2,"featured_media":0,"parent":0,"menu_order":0,"comment_status":"closed","ping_status":"closed","template":"","meta":{"footnotes":""},"class_list":["post-755","page","type-page","status-publish","hentry"],"jetpack_shortlink":"https:\/\/wp.me\/P2LFC5-cb","jetpack_sharing_enabled":true,"_links":{"self":[{"href":"https:\/\/www.kalbus.de\/index.php?rest_route=\/wp\/v2\/pages\/755","targetHints":{"allow":["GET"]}}],"collection":[{"href":"https:\/\/www.kalbus.de\/index.php?rest_route=\/wp\/v2\/pages"}],"about":[{"href":"https:\/\/www.kalbus.de\/index.php?rest_route=\/wp\/v2\/types\/page"}],"author":[{"embeddable":true,"href":"https:\/\/www.kalbus.de\/index.php?rest_route=\/wp\/v2\/users\/2"}],"replies":[{"embeddable":true,"href":"https:\/\/www.kalbus.de\/index.php?rest_route=%2Fwp%2Fv2%2Fcomments&post=755"}],"version-history":[{"count":18,"href":"https:\/\/www.kalbus.de\/index.php?rest_route=\/wp\/v2\/pages\/755\/revisions"}],"predecessor-version":[{"id":1996,"href":"https:\/\/www.kalbus.de\/index.php?rest_route=\/wp\/v2\/pages\/755\/revisions\/1996"}],"wp:attachment":[{"href":"https:\/\/www.kalbus.de\/index.php?rest_route=%2Fwp%2Fv2%2Fmedia&parent=755"}],"curies":[{"name":"wp","href":"https:\/\/api.w.org\/{rel}","templated":true}]}}