{"id":753,"date":"2020-12-01T22:39:12","date_gmt":"2020-12-01T21:39:12","guid":{"rendered":"http:\/\/www.kalbus.de\/?page_id=753"},"modified":"2021-06-20T11:17:08","modified_gmt":"2021-06-20T09:17:08","slug":"lofoten-2019","status":"publish","type":"page","link":"https:\/\/www.kalbus.de\/?page_id=753","title":{"rendered":"Lofoten 2019"},"content":{"rendered":"\n<p>Eines meiner Ziele die ich schon immer besuchen wollte. Nach meinem Urlaub 2017 in Norwegen lief die Planung an. Interessante Pl\u00e4tze, Sehensw\u00fcrdigkeiten, Campingpl\u00e4tze, Reiserouten wurden gefunden, bewertet, verworfen und wieder begutachtet. <\/p>\n\n\n\n<figure class=\"wp-block-image\"><img loading=\"lazy\" decoding=\"async\" width=\"1024\" height=\"683\" src=\"https:\/\/www.kalbus.de\/wp-content\/uploads\/2019\/07\/dscf7936-1024x683.jpg\" alt=\"\" class=\"wp-image-466\" srcset=\"https:\/\/www.kalbus.de\/wp-content\/uploads\/2019\/07\/dscf7936-1024x683.jpg 1024w, https:\/\/www.kalbus.de\/wp-content\/uploads\/2019\/07\/dscf7936-300x200.jpg 300w, https:\/\/www.kalbus.de\/wp-content\/uploads\/2019\/07\/dscf7936-768x512.jpg 768w, https:\/\/www.kalbus.de\/wp-content\/uploads\/2019\/07\/dscf7936-960x640.jpg 960w, https:\/\/www.kalbus.de\/wp-content\/uploads\/2019\/07\/dscf7936-450x300.jpg 450w, https:\/\/www.kalbus.de\/wp-content\/uploads\/2019\/07\/dscf7936.jpg 1200w\" sizes=\"auto, (max-width: 1024px) 100vw, 1024px\" \/><figcaption>Reine auf den Lofoten<\/figcaption><\/figure>\n\n\n\n<p>Ende Juni ging es dann los, f\u00fcr 5 Wochen, alleine mit meinem Auto, meinem Wohnwagen, hoch in den Norden, dort wo die Sonne nicht untergeht.<\/p>\n\n\n\n<p>Die ersten Tage auf dem Weg nach Norden <\/p>\n\n\n\n<ul class=\"wp-block-list\"><li><a href=\"https:\/\/www.kalbus.de\/?p=403\">Auf dem Weg zur F\u00e4hre in Rostock<\/a><\/li><li><a href=\"https:\/\/www.kalbus.de\/?p=416\">Mit der F\u00e4hre nach Schweden<\/a><\/li><li><a href=\"https:\/\/www.kalbus.de\/?p=418\">Die erste Nacht in Schweden<\/a><\/li><li><a href=\"https:\/\/www.kalbus.de\/?p=420\">Durch Schwedens W\u00e4lder<\/a><\/li><\/ul>\n\n\n\n<p><\/p>\n\n\n\n<p>Von Schweden nach Norwegen<\/p>\n\n\n\n<ul class=\"wp-block-list\"><li><a href=\"https:\/\/www.kalbus.de\/?p=423\">\u00dcber die Grenze nach Norwegen<\/a><\/li><li><a href=\"https:\/\/www.kalbus.de\/?p=426\">Am Polarkreis<\/a><\/li><li><a href=\"https:\/\/www.kalbus.de\/?p=429\">F\u00e4hre auf die Lofoten<\/a><\/li><\/ul>\n\n\n\n<p>Lofoten &#8211; Vestvag\u00f8y<\/p>\n\n\n\n<ul class=\"wp-block-list\"><li><a href=\"https:\/\/www.kalbus.de\/?p=431\">Bobilcamping auf den Lofoten und Umgebung<\/a><\/li><li><a href=\"https:\/\/www.kalbus.de\/?p=433\">Vestvag\u00f8y und das Wikingermuseum in Borg<\/a><\/li><li><a href=\"https:\/\/www.kalbus.de\/?p=438\">Vestvag\u00f8y und Ramberg<\/a><\/li><li><a href=\"https:\/\/www.kalbus.de\/?p=444\">Gims\u00f8ya Svolv\u00e6r<\/a><\/li><li><a href=\"https:\/\/www.kalbus.de\/?p=452\">Einkaufen in Norwegen<\/a><\/li><\/ul>\n\n\n\n<p>Lofoten &#8211; Flakstad\u00f8y<\/p>\n\n\n\n<ul class=\"wp-block-list\"><li><a href=\"https:\/\/www.kalbus.de\/?p=454\">Flakstad Skagen Camping<\/a><\/li><li><a href=\"https:\/\/www.kalbus.de\/?p=463\">Flakstad Reine<\/a><\/li><li><a href=\"https:\/\/www.kalbus.de\/?p=459\">Mitternachtssonne<\/a><\/li><li><a href=\"https:\/\/www.kalbus.de\/?p=474\">Camperfreuden &#8211; Wo bekomme ich Gas?<\/a><\/li><\/ul>\n\n\n\n<p>Lofoten &#8211; Austv\u00e5g\u00f8ya<\/p>\n\n\n\n<ul class=\"wp-block-list\"><li><a href=\"https:\/\/www.kalbus.de\/?p=476\">Sildpolnes Camping<\/a><\/li><li><a href=\"https:\/\/www.kalbus.de\/?p=481\">Ein Tages Kreuzfahrt &#8211; Hurtigruten<\/a><\/li><li><a href=\"https:\/\/www.kalbus.de\/?p=495\">Unterwegs nach And\u00f8ya<\/a><\/li><\/ul>\n\n\n\n<p><\/p>\n\n\n\n<p>Vesteralen &#8211; And\u00f8ya<\/p>\n\n\n\n<ul class=\"wp-block-list\"><li><a href=\"https:\/\/www.kalbus.de\/?p=511\">Mitternachtssone &#8211; again<\/a><\/li><li><a href=\"https:\/\/www.kalbus.de\/?p=514\">And\u00f8ya Space Center<\/a><\/li><li><a href=\"https:\/\/www.kalbus.de\/?p=526\">Befahren auf eigene Gefahr<\/a><\/li><li><a href=\"https:\/\/www.kalbus.de\/?p=534\">Walsafari<\/a><\/li><li><a href=\"https:\/\/www.kalbus.de\/?p=542\">Vester\u00e5len ade<\/a><\/li><\/ul>\n\n\n\n<p>Zur\u00fcck am Festland unterwegs nach S\u00fcden<\/p>\n\n\n\n<ul class=\"wp-block-list\"><li><a href=\"https:\/\/www.kalbus.de\/?p=553\">Polar Park<\/a><\/li><li><a href=\"https:\/\/www.kalbus.de\/?p=560\">Wieder zur\u00fcck in Schweden<\/a><\/li><li><a href=\"https:\/\/www.kalbus.de\/?p=571\">Lappland &#8211; Baum, Baum, Baum<\/a><\/li><li><a href=\"https:\/\/www.kalbus.de\/?p=581\">Dalarna<\/a><\/li><li><a href=\"https:\/\/www.kalbus.de\/?p=590\">Orsa Rovdjurspark<\/a><\/li><li><a href=\"https:\/\/www.kalbus.de\/?p=603\">Immer weiter nach S\u00fcden\u2026<\/a><\/li><li><a href=\"https:\/\/www.kalbus.de\/?p=610\">Camperfreuden &#8211; Morgenroutine<\/a><\/li><li><a href=\"https:\/\/www.kalbus.de\/?p=614\">Am G\u00f6ta Kanal<\/a><\/li><li><a href=\"https:\/\/www.kalbus.de\/?p=624\">Mellbystrand &#8211; die letzte Nac<\/a>ht in Schweden<\/li><li><a href=\"https:\/\/www.kalbus.de\/?p=630\">Ystad<\/a><\/li><\/ul>\n\n\n\n<p>Die f\u00fcnf Wochen sind wie im Flug vergangen und es gibt kein einzelnes Highlicht, denn auf dieser Reise habe ich so vieles erlebt, gesehen und bestaunt. Viele Kilometer auf der Stra\u00dfe und eine unglaublich sch\u00f6ne Natur sind mir in Erinnerung geblieben.<\/p>\n","protected":false},"excerpt":{"rendered":"<p>Eines meiner Ziele die ich schon immer besuchen wollte. Nach meinem Urlaub 2017 in Norwegen lief die Planung an. Interessante Pl\u00e4tze, Sehensw\u00fcrdigkeiten, Campingpl\u00e4tze, Reiserouten wurden gefunden, bewertet, verworfen und wieder begutachtet. Ende Juni ging es dann los, f\u00fcr 5 Wochen, alleine mit meinem Auto, meinem Wohnwagen, hoch in den Norden, dort wo die Sonne nicht &hellip; <a href=\"https:\/\/www.kalbus.de\/?page_id=753\" class=\"more-link\"><span class=\"screen-reader-text\">Lofoten 2019<\/span> weiterlesen<\/a><\/p>\n","protected":false},"author":2,"featured_media":0,"parent":0,"menu_order":0,"comment_status":"closed","ping_status":"closed","template":"","meta":{"footnotes":""},"class_list":["post-753","page","type-page","status-publish","hentry"],"jetpack_shortlink":"https:\/\/wp.me\/P2LFC5-c9","jetpack_sharing_enabled":true,"_links":{"self":[{"href":"https:\/\/www.kalbus.de\/index.php?rest_route=\/wp\/v2\/pages\/753","targetHints":{"allow":["GET"]}}],"collection":[{"href":"https:\/\/www.kalbus.de\/index.php?rest_route=\/wp\/v2\/pages"}],"about":[{"href":"https:\/\/www.kalbus.de\/index.php?rest_route=\/wp\/v2\/types\/page"}],"author":[{"embeddable":true,"href":"https:\/\/www.kalbus.de\/index.php?rest_route=\/wp\/v2\/users\/2"}],"replies":[{"embeddable":true,"href":"https:\/\/www.kalbus.de\/index.php?rest_route=%2Fwp%2Fv2%2Fcomments&post=753"}],"version-history":[{"count":3,"href":"https:\/\/www.kalbus.de\/index.php?rest_route=\/wp\/v2\/pages\/753\/revisions"}],"predecessor-version":[{"id":816,"href":"https:\/\/www.kalbus.de\/index.php?rest_route=\/wp\/v2\/pages\/753\/revisions\/816"}],"wp:attachment":[{"href":"https:\/\/www.kalbus.de\/index.php?rest_route=%2Fwp%2Fv2%2Fmedia&parent=753"}],"curies":[{"name":"wp","href":"https:\/\/api.w.org\/{rel}","templated":true}]}}

<p>Eines meiner Ziele die ich schon immer besuchen wollte. Nach meinem Urlaub 2017 in Norwegen lief die Planung an. Interessante Plätze, Sehenswürdigkeiten, Campingplätze, Reiserouten wurden gefunden, bewertet, verworfen und wieder begutachtet. </p>



<figure class="wp-block-image"><img loading="lazy" decoding="async" width="1024" height="683" src="https://www.kalbus.de/wp-content/uploads/2019/07/dscf7936-1024x683.jpg" alt="" class="wp-image-466" srcset="https://www.kalbus.de/wp-content/uploads/2019/07/dscf7936-1024x683.jpg 1024w, https://www.kalbus.de/wp-content/uploads/2019/07/dscf7936-300x200.jpg 300w, https://www.kalbus.de/wp-content/uploads/2019/07/dscf7936-768x512.jpg 768w, https://www.kalbus.de/wp-content/uploads/2019/07/dscf7936-960x640.jpg 960w, https://www.kalbus.de/wp-content/uploads/2019/07/dscf7936-450x300.jpg 450w, https://www.kalbus.de/wp-content/uploads/2019/07/dscf7936.jpg 1200w" sizes="auto, (max-width: 1024px) 100vw, 1024px" /><figcaption>Reine auf den Lofoten</figcaption></figure>



<p>Ende Juni ging es dann los, für 5 Wochen, alleine mit meinem Auto, meinem Wohnwagen, hoch in den Norden, dort wo die Sonne nicht untergeht.</p>



<p>Die ersten Tage auf dem Weg nach Norden </p>



<ul class="wp-block-list"><li><a href="https://www.kalbus.de/?p=403">Auf dem Weg zur Fähre in Rostock</a></li><li><a href="https://www.kalbus.de/?p=416">Mit der Fähre nach Schweden</a></li><li><a href="https://www.kalbus.de/?p=418">Die erste Nacht in Schweden</a></li><li><a href="https://www.kalbus.de/?p=420">Durch Schwedens Wälder</a></li></ul>



<p></p>



<p>Von Schweden nach Norwegen</p>



<ul class="wp-block-list"><li><a href="https://www.kalbus.de/?p=423">Über die Grenze nach Norwegen</a></li><li><a href="https://www.kalbus.de/?p=426">Am Polarkreis</a></li><li><a href="https://www.kalbus.de/?p=429">Fähre auf die Lofoten</a></li></ul>



<p>Lofoten &#8211; Vestvagøy</p>



<ul class="wp-block-list"><li><a href="https://www.kalbus.de/?p=431">Bobilcamping auf den Lofoten und Umgebung</a></li><li><a href="https://www.kalbus.de/?p=433">Vestvagøy und das Wikingermuseum in Borg</a></li><li><a href="https://www.kalbus.de/?p=438">Vestvagøy und Ramberg</a></li><li><a href="https://www.kalbus.de/?p=444">Gimsøya Svolvær</a></li><li><a href="https://www.kalbus.de/?p=452">Einkaufen in Norwegen</a></li></ul>



<p>Lofoten &#8211; Flakstadøy</p>



<ul class="wp-block-list"><li><a href="https://www.kalbus.de/?p=454">Flakstad Skagen Camping</a></li><li><a href="https://www.kalbus.de/?p=463">Flakstad Reine</a></li><li><a href="https://www.kalbus.de/?p=459">Mitternachtssonne</a></li><li><a href="https://www.kalbus.de/?p=474">Camperfreuden &#8211; Wo bekomme ich Gas?</a></li></ul>



<p>Lofoten &#8211; Austvågøya</p>



<ul class="wp-block-list"><li><a href="https://www.kalbus.de/?p=476">Sildpolnes Camping</a></li><li><a href="https://www.kalbus.de/?p=481">Ein Tages Kreuzfahrt &#8211; Hurtigruten</a></li><li><a href="https://www.kalbus.de/?p=495">Unterwegs nach Andøya</a></li></ul>



<p></p>



<p>Vesteralen &#8211; Andøya</p>



<ul class="wp-block-list"><li><a href="https://www.kalbus.de/?p=511">Mitternachtssone &#8211; again</a></li><li><a href="https://www.kalbus.de/?p=514">Andøya Space Center</a></li><li><a href="https://www.kalbus.de/?p=526">Befahren auf eigene Gefahr</a></li><li><a href="https://www.kalbus.de/?p=534">Walsafari</a></li><li><a href="https://www.kalbus.de/?p=542">Vesterålen ade</a></li></ul>



<p>Zurück am Festland unterwegs nach Süden</p>



<ul class="wp-block-list"><li><a href="https://www.kalbus.de/?p=553">Polar Park</a></li><li><a href="https://www.kalbus.de/?p=560">Wieder zurück in Schweden</a></li><li><a href="https://www.kalbus.de/?p=571">Lappland &#8211; Baum, Baum, Baum</a></li><li><a href="https://www.kalbus.de/?p=581">Dalarna</a></li><li><a href="https://www.kalbus.de/?p=590">Orsa Rovdjurspark</a></li><li><a href="https://www.kalbus.de/?p=603">Immer weiter nach Süden…</a></li><li><a href="https://www.kalbus.de/?p=610">Camperfreuden &#8211; Morgenroutine</a></li><li><a href="https://www.kalbus.de/?p=614">Am Göta Kanal</a></li><li><a href="https://www.kalbus.de/?p=624">Mellbystrand &#8211; die letzte Nac</a>ht in Schweden</li><li><a href="https://www.kalbus.de/?p=630">Ystad</a></li></ul>



<p>Die fünf Wochen sind wie im Flug vergangen und es gibt kein einzelnes Highlicht, denn auf dieser Reise habe ich so vieles erlebt, gesehen und bestaunt. Viele Kilometer auf der Straße und eine unglaublich schöne Natur sind mir in Erinnerung geblieben.</p>

<p>Eines meiner Ziele die ich schon immer besuchen wollte. Nach meinem Urlaub 2017 in Norwegen lief die Planung an. Interessante Plätze, Sehenswürdigkeiten, Campingplätze, Reiserouten wurden gefunden, bewertet, verworfen und wieder begutachtet. Ende Juni ging es dann los, für 5 Wochen, alleine mit meinem Auto, meinem Wohnwagen, hoch in den Norden, dort wo die Sonne nicht &hellip; <a href="https://www.kalbus.de/?page_id=753" class="more-link"><span class="screen-reader-text">Lofoten 2019</span> weiterlesen</a></p>
